what is -4 + -134?
-138
In base 16, what is -1a1 - 5?
-1a6
In base 10, what is -645 - 6?
-651
In base 6, what is 114 - -12?
130
In base 3, what is 11 - -102011112?
102011200
In base 10, what is 1 + -735?
-734
In base 16, what is 210 - 5?
20b
In base 16, what is -3d + -21?
-5e
In base 16, what is -5 - -14?
f
In base 5, what is 0 - -240?
240
In base 9, what is 3354 + -3?
3351
In base 8, what is -5 + 4334?
4327
In base 16, what is -2 + 1?
-1
In base 12, what is -1 + 6?
5
In base 3, what is 1000 + -22?
201
In base 2, what is 11 + -1000100?
-1000001
In base 6, what is 223 - -43?
310
In base 5, what is 20303 - -11?
20314
In base 3, what is 2212 - 10200?
-211
In base 15, what is -355 - 6?
-35b
In base 9, what is 454 + 5?
460
In base 11, what is -a53 + 4?
-a4a
In base 11, what is 7a34 + -1?
7a33
In base 9, what is 6 + 2065?
2072
In base 16, what is -3 + -10?
-13
In base 7, what is -106 - -4?
-102
In base 14, what is 44 + 8?
4c
In base 2, what is -1100110110 + 1001?
-1100101101
In base 14, what is 3 - 26?
-23
In base 5, what is -420 + 201?
-214
In base 7, what is -14601 - 1?
-14602
In base 7, what is -665 + -15?
-1013
In base 6, what is -31 + -3?
-34
In base 4, what is -30 + 2130?
2100
In base 12, what is 3a - 3?
37
In base 12, what is -10 + 99?
89
In base 2, what is -11100100 + 101?
-11011111
In base 7, what is 3224 + -4?
3220
In base 6, what is -3 + -152?
-155
In base 9, what is 3 - -64?
67
In base 7, what is -1 + -1453?
-1454
In base 7, what is -3423 - 0?
-3423
In base 12, what is -2 + -8?
-a
In base 5, what is -14320 + 0?
-14320
In base 16, what is c37 - -5?
c3c
In base 11, what is -822 + -5?
-827
In base 16, what is -1a + -9a?
-b4
In base 6, what is -550 - -14?
-532
In base 7, what is 6 - -255?
264
In base 6, what is -3 - -131?
124
In base 2, what is 10 - 11010111?
-11010101
In base 10, what is 109 - 19?
90
In base 14, what is 700 - 4?
6da
In base 4, what is 12121 + -1?
12120
In base 2, what is -10 - 11001011001?
-11001011011
In base 10, what is 3 - -36?
39
In base 10, what is 4 - 0?
4
In base 4, what is -10 + 322?
312
In base 5, what is -123 + -141?
-314
In base 8, what is -3 - -60?
55
In base 5, what is -21344 + 1?
-21343
In base 15, what is -23b + -2?
-23d
In base 3, what is 2 - -222?
1001
In base 3, what is -1201002 + 12?
-1200220
In base 2, what is -10010 - -10111?
101
In base 13, what is 1 - 108?
-107
In base 6, what is 54 + 41?
135
In base 14, what is -2a + -c?
-38
In base 2, what is -111111 + 1101001?
101010
In base 13, what is -459b + -1?
-459c
In base 12, what is -4 + 412?
40a
In base 3, what is 0 - 1020100?
-1020100
In base 14, what is 31 - 6?
29
In base 5, what is -4 - 3401?
-3410
In base 11, what is -58 - -11?
-47
In base 8, what is -1 - 25?
-26
In base 15, what is -6 - e?
-15
In base 10, what is -29 + -45?
-74
In base 5, what is -1 - 13?
-14
In base 6, what is -2 + -124?
-130
In base 16, what is 2 + -e6?
-e4
In base 6, what is 1 + 0?
1
In base 11, what is 5992 - 0?
5992
In base 5, what is -4 + 1011?
1002
In base 4, what is 0 + 12313?
12313
In base 5, what is 4212232 + 3?
4212240
In base 9, what is 2 + -1038?
-1036
In base 4, what is 312002 + 11?
312013
In base 9, what is -3 + 551?
547
In base 12, what is -2 + -b3?
-b5
In base 12, what is 997a + -3?
9977
In base 11, what is 373 - 5?
369
In base 10, what is 3 - -27?
30
In base 7, what is 2143 + -25?
2115
In base 4, what is -132 - -1132?
1000
In base 4, what is -203021 + -1?
-203022
In base 12, what is -1360 + 0?
-1360
In base 15, what is -1 - -42?
41
In base 3, what is -10 + -201?
-211
In base 16, what is 6 + -a?
-4
In base 13, what is -80 - -2?
-7b
In base 12, what is 888 + 0?
888
In base 7, what is -6 - 26514?
-26523
In base 9, what is 20 + 47?
67
In base 14, what is bb - -4?
c1
In base 14, what is d335 + -2?
d333
In base 12, what is -2a + -7?
-35
In base 3, what is 10022 - 1021?
2001
In base 6, what is -104 - 241?
-345
In base 9, what is 2 + -102?
-100
In base 7, what is -11 - 304?
-315
In base 9, what is -15 - 31?
-46
In base 5, what is 300 + 13?
313
In base 3, what is 21202 - 1212?
12220
In base 9, what is 11 - 65?
-54
In base 2, what is 11110 - -1011111?
1111101
In base 6, what is -2111 - -1?
-2110
In base 14, what is 0 + 196?
196
In base 6, what is 45 + 15?
104
In base 9, what is -2 - 174?
-176
In base 6, what is 1015 + 10?
1025
In base 9, what is 4 + -145?
-141
In base 10, what is -21 - -136?
115
In base 10, what is 52 - 2?
50
In base 5, what is -2313 + 1?
-2312
In base 7, what is -5445 - -4?
-5441
In base 8, what is -4 - -122?
116
In base 7, what is -333 + 6?
-324
In base 13, what is -5a46 - 5?
-5a4b
In base 8, what is -57 - -14?
-43
In base 7, what is 3 - -1135?
1141
In base 5, what is -142 + 1220?
1023
In base 10, what is -88 + 10?
-78
In base 7, what is -1 - 100?
-101
In base 14, what is -5a - 2?
-5c
In base 2, what is -10011 + 1011?
-1000
In base 10, what is -1284 + -4?
-1288
In base 6, what is -2 - -10?
4
In base 5, what is 41 - -112?
203
In base 11, what is -2 - -385?
383
In base 13, what is 4 + 0?
4
In base 7, what is -4 - 413?
-420
In base 9, what is -147 + 13?
-134
In base 6, what is -3 - 152?
-155
In base 7, what is 23 + 1266?
1322
In base 6, what is 1 + 24?
25
In base 14, what is -2 + 787?
785
In base 8, what is 1 + 12?
13
In base 15, what is -2 + -102?
-104
In base 7, what is -2 + -140?
-142
In base 9, what is -4 - 8?
-13
In base 11, what is 9a - 4?
96
In base 16, what is 2b94 - 2?
2b92
In base 7, what is 160 + 4?
164
In base 2, what is -1111 - 10100?
-100011
In base 13, what is 3 + -170?
-16a
In base 12, what is b3 + -5?
aa
In base 6, what is -14241 + -12?
-14253
In base 10, what is -30 + 216?
186
In base 10, what is 7763 - -5?
7768
In base 3, what is -12 - 2012?
-2101
In base 10, what is 0 - -168?
168
In base 8, what is 2 + 2127?
2131
In base 7, what is -2 - 34?
-36
In base 11, what is 3729 - -4?
3732
In base 11, what is a1 - -1a?
110
In base 7, what is 3 - 4240?
-4234
In base 16, what is -4 - 54c?
-550
In base 7, what is -4664 - 6?
-5003
In base 8, what is 0 + 125?
125
In base 2, what is 100 - -111100?
1000000
In base 6, what is -22 + -134?
-200
In base 12, what is 7 - -a?
15
In base 12, what is 19 - -22?
3b
In base 15, what is 6 + 5c?
63
In base 10, what is -329 - 0?
-329
In base 11, what is -34 - 1?
-35
In base 15, what is 5 - 13?
-d
In base 10, what is 6123 - -3?
6126
In base 2, what is -1111 - 11?
-10010
In base 12, what is -1 - 1880?
-1881
In base 16, what is -b + -1d?
-28
In base 5, what is -2 - -44?
42
In base 3, what is 102220 + -10?
102210
In base 6, what is -113 - -55?
-14
In base 8, what is 0 + 0?
0
In base 3, what is 121 + 1202101?
1202222
In base 12, what is -1 - -5193?
5192
In base 2, what is -1100010 + 0?
-1100010
In base 6, what is -3 + -505?
-512
In base 3, what is 1221 - 0?
1221
In base 9, what is 140 - 0?
140
In base 15, what is -11ae - 2?
-11b1
In base 5, what is 23 - 132?
-104
In base 3, what is -12 - 11121?
-11210
In base 15, what is -7 + 161?
159
In base 5, what is -10 + -334?
-344
In base 4, what is 0 + -232212?
-232212
In base 12, what is -5 + -48?
-51
In base 10, what is 5 - 56?
-51
In base 10, what is 28 + 0?
28
In base 6, what is -1 + 1223?
1222
In base 2, what is 0 + -11101100?
-11101100
In base 14, what is -11c9 + -1?
-11ca
In base 11, what is a3a + 0?
a3a
In base 8, what is -30 + -121?
-151
In base 12, what is -1534 - 5?
-1539
In base 11, what is 32 - 2?
30
In base 14, what is -177 + -3?
-17a
In base 13, what is -5b + 5?
-56
In base 6, what is 1451 + -42?
1405
In base 5, what is 3 - 11024?
-11021
In base 16, what is 1c6 + -4?
1c2
In base 12, what is -190 + 19?
-173
In base 14, what is 20 + -171?
-151
In base 4, what is -2221 + -221?
-3102
In base 5, what is -3311 + -4?
-3320
In base 9, what is -46 + -2?
-48
In base 16, what is -5 + 5?
0
In base 3, what is 111112 - 10?
111102
In base 13, what is -5 - -3b?
36
In base 8, what is 1 + 173?
174
In base 13, what is -5 - -1?
-4
In base 7, what is -11 - -363?
352
In base 2, what is 10100100 + -1?
10100011
In base 5, what is 42 + 3?
100
In base 2, what is -11 + -11011?
-11110
In base 12, what is -33 + 272?
23b
In base 2, what is -11 + 110100011010?
110100010111
In base 15, what is c - 2e?
-22
In base 7, what is 2 - -416?
421
In base 7, what is 5 - -21?
26
In base 12, what is -1 + -6?
-7